 derivative of q**3/3 + 2*q**2 - 10*q + 14. What is z(-7)?
11
Let u(f) be the second derivative of -1/6*f**3 - 7/2*f**2 + 2*f + 0. Give u(-5).
-2
Suppose -3*b + 5*b - 10 = 0. Let q(v) be the second derivative of -v**5/20 + v**4/3 + 2*v**3/3 + 3*v**2 - v. What is q(b)?
1
Suppose -3*j - 7 = -5*i, -4*i - 20 = -8*i. Let h(s) = -5*s**2 - 9*s - 3. Let p(t) = -14*t**2 - 26*t - 8. Let f(k) = j*p(k) - 17*h(k). What is f(4)?
7
Let x(g) = 2 + 4*g**2 + g + 2*g - 7*g**2 - 2*g + g**3. What is x(2)?
0
Let h(q) = 7 + 36*q - 38*q + 3*q**2 - q**3 - 3. Let k(x) = 2*x**2 - 2*x - 1. Let p be k(-1). Determine h(p).
-2
Suppose 0*u - b + 4 = u, 15 = -3*b. Let d(l) = l - 8. Let w(n) = -2*n + 17. Let t(h) = u*d(h) + 4*w(h). Give t(3).
-1
Let z(k) = -k - 3. Suppose 0 = 3*i - 187 - 158. Let o = i + -40. Let p be ((-4)/(-6))/((-10)/o). Give z(p).
2
Let s(x) be the first derivative of -x**5/120 + x**3 + 4. Let g(r) be the third derivative of s(r). Give g(-2).
2
Let k(x) = -2*x - 2. Let l(n) = -2*n - 2. Let f(z) = 6*k(z) - 4*l(z). Determine f(-3).
8
Let j(z) = -26*z**2 + z + 2*z**3 + 0*z - 4 - z**3 + 30*z**2. Let g = 9 - 4. Let k be (-6)/15 + (-13)/g. Calculate j(k).
2
Let p(v) = -3*v + v + 0*v + 4*v**2 + 4 - 6*v**2. Suppose 4*a - 3*a + 3 = 0. What is p(a)?
-8
Suppose 5*s = -0 + 5. Let d be (s/(-3))/(1/(-3)). Let n(g) = 5*g + 2 + 1 - 2. Determine n(d).
6
Let o be (-1)/((-1 - -2)/(-2)). Suppose 5*l = o*l. Let w(p) = -7*p**3 - p**2 - p + 2. Let z(i) = i**3 + 1. Let y(n) = w(n) + 6*z(n). Give y(l).
8
Let o(n) = n**2 - n - 6. Suppose 5*y = 4*f + 21, 2*y + 15 = -5*f + 6*y. Let q(b) = 0*b + 0*b + 1 + b - 2*b. Let j be q(f). Calculate o(j).
-6
Let m = -1 - -3. Let v(w) = 0*w**m + 1 - 2*w**3 + 3*w**3 + 3*w**2. Determine v(-3).
1
Let a(r) = r - 1. Let b(c) = 6*c - 1. Suppose -3*s - 1 = -4*s. Let n(x) = s*b(x) - 5*a(x). Calculate n(-2).
2
Let a(s) = s**3 - 4*s**2 + 2*s - 4. Let g be a(4). Suppose -2*o - g = 3*o + w, -3*w - 12 = o. Let t(f) = -f + 8. What is t(o)?
8
Let o(v) be the first derivative of -v**4/4 - 4*v - 5. Let j(l) = -l - 3. Let x be j(-3). Calculate o(x).
-4
Let k(x) = -8*x + 1. Let g(q) = -17*q + 2. Let o(a) = -3*g(a) + 7*k(a). Give o(2).
-9
Let t be 38/(-6) + 6/(-9). Let d(g) = g - 4. Give d(t).
-11
Let r(b) be the third derivative of 0 - 8*b**2 + 1/60*b**5 + 3/8*b**4 + 3/2*b**3 + 0*b. Determine r(-7).
-5
Suppose 0 = -4*x - 8, 5*x + 8 = 4*l - 2. Let i(b) = -b**2 - b + 5. Let t be i(l). Let v(j) = j - 8. Determine v(t).
-3
Let p(l) = 4*l**3 - l**2 + 1. Let a = 1 + 2. Let u be (-1 + a)/(2 + 0). Calculate p(u).
4
Suppose -3*a + 3*l + 2 = -7, 5*l = 0. Let m(i) = -i**3 + 5*i**2 - 3. Calculate m(a).
15
Let u(y) = -y**3 + 6*y**2 - 8*y + 15. Let g be u(5). Let f(s) be the third derivative of 1/24*s**4 + 0 + 1/12*s**5 + 0*s**3 + g*s + 2*s**2. Calculate f(-1).
4
Let o(r) = -r + 13. Let t be o(11). Let x(y) = -2*y**2 + 3*y - 3. What is x(t)?
-5
Let m(k) = k + 3. Suppose -i + 1 = 2*n - 2*i, -n = -3*i + 7. Suppose w + n - 1 = 0. Let c = w - -4. Give m(c).
6
Let a be (2 - 2)/(2/1). Let w be ((-3)/(-9)*6)/1. Let m(r) = -3*r + r**3 + a*r**2 + 2*r**w + 0*r**2. Determine m(-3).
0
Let x(c) = c**2 - 341 + 678 - 2*c - 336. Give x(2).
1
Let i = -5 + 6. Let y be (-2 + i)/(4 + -3). Let h(g) = -6*g - 1. Give h(y).
5
Let a(h) = h - 3. Let i be 6/(-8) + (-15)/(-4). Let s = -1 + i. Give a(s).
-1
Let v(h) be the first derivative of -3*h**2/2 + 3*h + 1. Let g = -5 - -2. Let l(r) = 2*r - 1. Let s(q) = g*v(q) - 5*l(q). Determine s(-3).
-1
Let r(q) = -q**2 + 5*q + 6. Let c be r(5). Let n(a) = -a**3 + a - 2. Let y(p) = 3*p**3 + 5*p**2 + 2*p + 16. Let l(s) = 4*n(s) + y(s). Calculate l(c).
8
Let c be (-2)/9 + (-80)/(-36). Let u(y) = -5 - 4*y + 2*y - c*y + 3*y. What is u(-4)?
-1
Let x(g) = -1 + 4 + 1 + g**2 + g**3 - 1. Let p be 0 + 2/((-6)/9). Determine x(p).
-15
Let h(b) = 4*b - 2. Suppose 0 = 6*r - 5*r + 3. What is h(r)?
-14
Let q(r) = -11*r**3 - 2*r**2 - r. Let n(y) = -y**2 - 11*y - 11. Suppose 0 = -c + 2*h + 1, -5*c + 3*h = -0*c + 2. Let b be c*10/3*3. Let m be n(b). Give q(m).
10
Let o(g) = -g**2 + 1. Let u(q) = 4*q**2 + q - 3. Let b(m) = -5*o(m) - u(m). Let v(y) = y - 4. Let d be v(4). Determine b(d).
-2
Let i(v) = -3*v**3 + 2*v**2 - 2*v - 1. Suppose -7*k + 12 = -2. Calculate i(k).
-21
Suppose 2*p = p + 2. Suppose 76 = 5*c + t, p*c + t - 34 = -3. Suppose 5*y = -0*y + 5*s - c, 3*y + 9 = 4*s. Let f(z) = -z**2 - 3*z + 1. Give f(y).
1
Let l = -29 + 9. Let o be (8/(-10))/((-4)/l). Let d(g) = 3*g**2 + 5*g + 6. Let v(u) = -4*u**2 - 5*u - 6. Let h(k) = -3*d(k) - 2*v(k). Give h(o).
-2
Let a(g) be the second derivative of -g**4/12 + 7*g**3/6 - 3*g**2 + 10*g. What is a(6)?
0
Let p(r) = 4*r**2 - 2*r - 3. Let a(k) = 2*k + 13. Let z be a(-9). Let y = 7 + z. Let g(o) = -17*o**2 + 9*o + 13. Let f(x) = y*g(x) + 9*p(x). Determine f(1).
1
Let v be 9*5/15*-3. Let a(o) = -o - 8. Calculate a(v).
1
Let r(a) = -a**3 + 8*a**2 - 6*a - 5. Let o be r(7). Suppose 4*x - 2 = -0*z - z, 2*x = -z + o. Let l(w) = -w**3 + 2*w**2 + 2*w - 3. Give l(z).
1
Let d(g) = g**2 + g - 2*g**3 - 1 + 4*g - 2*g. What is d(2)?
-7
Let g(j) = -j + 3. Let s be (-48)/18 - 2/6. Let z be (-1)/s - 40/12. Give g(z).
6
Let b(f) = f**3 - 4*f**2 + 3*f - 1. Let o be b(3). Let v(u) = -19*u**2 - 2*u - 1. What is v(o)?
-18
Let w(l) = l**2 - 4*l + 2. Let d be w(5). Let m(y) = -y**2 + 7*y - 5. Give m(d).
-5
Let v(n) be the second derivative of -5*n**3/6 - 2*n**2 - 22*n. Let z(o) = o**3 - 5*o**2 - 7*o + 3. Let g be z(6). Give v(g).
11
Let y(b) be the second derivative of b**6/24 + b**5/60 + b**4/24 - 3*b**2/2 - 3*b. Let f(k) be the first derivative of y(k). What is f(-1)?
-5
Let k(o) be the first derivative of -o**3/3 + 5*o**2/2 + 6*o - 1. Let t be k(6). Let p(x) = 4 + x + x + t*x - 3. Give p(-1).
-1
Suppose -10*i + 5*i + 11 = -n, 8 = 2*n. Let l(y) = -9*y**3 + 3*y**2 + y - 1. Let u(k) = 5*k**3 - k**2 - k. Let d(g) = 4*l(g) + 7*u(g). Determine d(i).
5
Suppose 0 = r + 5*r - 12. Let f(s) = -s**3 + s + 2. What is f(r)?
-4
Let a(h) = -h. Suppose -4*v = 4*x + 8, -4*v = -2*x - 3*v + 11. Calculate a(x).
-3
Let j be 6/27 + 32/18. Let a be (3 - 2)*j - -1. Suppose 0*o + a*o + 18 = 0. Let u(p) = -p - 5. Calculate u(o).
1
Let w(q) = -q**2 + 14*q - 18. Suppose 2*i + 5*t - 4*t - 23 = 0, 5*i - 5*t = 80. Give w(i).
-5
Suppose -1 - 4 = 5*a. Let s(h) = -19*h**2 - h. Give s(a).
-18
Let t(m) = 26 - 26 - 21*m + 17*m. Give t(-1).
4
Let f(j) = j**2 + 3*j + 1. Let b be (-8 + 0)/(2 + 0). Give f(b).
5
Let i(s) = 4*s + 1. Let h(o) = -7*o - 1. Let u(j) = -3*h(j) - 5*i(j). Determine u(7).
5
Let a(n) = -3*n + 1. Let x = -29 + 25. What is a(x)?
13
Let t(a) = -7*a**2 - 6*a - 4. Let r(b) = -13*b**2 - 11*b - 8. Let f(p) = -6*r(p) + 11*t(p). Determine f(0).
4
Suppose -5*k + 2*a - 6*a = -22, -2*a = -3*k. Let u(z) = -4*z**k - 4*z + 3*z**2 + 0*z**2 + 4. What is u(-4)?
4
Let s(a) = 3*a - 1. Suppose 0 = -0*c + 3*c - 3. Suppose -5*o + c = 6. Give s(o).
-4
Let n(l) = -l**2 + l - 1. Let q(m) = -m**3 + 8*m**2 - 4*m + 3. Let c(g) = 3*n(g) + q(g). Determine c(5).
-5
Let q(b) be the second derivative of -2*b**3/3 - 3*b. Let r be 0/(-1) + 1*-3. Calculate q(r).
12
Let g(n) = 4*n**2 - 9*n - 3. Let j(r) = -5*r**2 + 10*r + 4. Let w(b) = 4*g(b) + 3*j(b). Calculate w(6).
0
Let g(i) = i**2 - 5*i - 2. Let q be (-3 - -6)/((-2)/(-4)). Calculate g(q).
4
Let w(k) = k + 1. Let j(p) = -12*p - 15. Let u be (-25)/20 - 1/(-4). Suppose -1 - 44 = 3*l. Let b(r) = l*w(r) + u*j(r). Determine b(2).
-6
Let w = 22 - 19. Let i(b) = 2 + 2*b**2 - 7*b - 3*b**2 + 0*b - w. Calculate i(-6).
5
Let v(z) = z**2 - z + 2. Let s(n) = n**2 - n + 1. Suppose 15 = -5*l + 4*b, 0 = 3*b - b. Let r(y) = l*s(y) + 2*v(y). What is r(-1)?
-1
Suppose 2*m + 13 = 5*q, 37 = 2*m - 0*m + 5*q. Let r(k) be the first derivative of k**2/2 - 8*k - 8. Calculate r(m).
-2
Let o(q) be the first derivative of -4*q**3/3 + q**2 + q - 3. Calculate o(-1).
-5
Let w(t) = 4*t + 15. Let f(u) = -3*u + 8 - 3 - 4 - 2*u**2 + 3. Let a be f(-3). Let x(g) = 3*g + 14. Let s(i) = a*w(i) + 6*x(i). Determine s(6).
-3
Let p(f) = f**2 + f - 4. Let l = -37 + 34. Calculate p(l).
2
Let k(q) be the third derivative of q**6/120 + q**5/20 - q**3/2 + q**2. Suppose -3 = -4*i - 15. Calculate k(i).
-3
Suppose 5*n - 10 = 5. Suppose -3*u - 2 = 2*t - 2*u, -5*u - 10 = 2*t. Suppose t = -3*z - 0 - n. Let w(l) =